{"id":25,"date":"2016-10-07T17:50:08","date_gmt":"2016-10-07T15:50:08","guid":{"rendered":"https:\/\/www.circaed-heresis.com\/?page_id=25"},"modified":"2021-02-13T17:55:31","modified_gmt":"2021-02-13T16:55:31","slug":"accueil","status":"publish","type":"page","link":"https:\/\/circaed-heresis.com\/","title":{"rendered":"CIRCAED"},"content":{"rendered":"\n<div class=\"wp-block-image\"><figure class=\"aligncenter size-large\"><img loading=\"lazy\" decoding=\"async\" width=\"1024\" height=\"354\" src=\"https:\/\/circaed-heresis.com\/wp-content\/uploads\/2020\/02\/Banni\u00e8re-Page-1-JPEG-1024x354.jpg\" alt=\"\" class=\"wp-image-1288\" srcset=\"https:\/\/circaed-heresis.com\/wp-content\/uploads\/2020\/02\/Banni\u00e8re-Page-1-JPEG-1024x354.jpg 1024w, https:\/\/circaed-heresis.com\/wp-content\/uploads\/2020\/02\/Banni\u00e8re-Page-1-JPEG-300x104.jpg 300w, https:\/\/circaed-heresis.com\/wp-content\/uploads\/2020\/02\/Banni\u00e8re-Page-1-JPEG-768x265.jpg 768w, https:\/\/circaed-heresis.com\/wp-content\/uploads\/2020\/02\/Banni\u00e8re-Page-1-JPEG-1536x530.jpg 1536w, https:\/\/circaed-heresis.com\/wp-content\/uploads\/2020\/02\/Banni\u00e8re-Page-1-JPEG.jpg 1920w\" sizes=\"auto, (max-width: 1024px) 100vw, 1024px\" \/><\/figure><\/div>\n\n\n\n<p class=\"has-white-color has-text-color\">.<\/p>\n\n\n\n<h2 class=\"alignwide has-text-align-center wp-block-heading\"><strong>C<\/strong>ollectif <strong>I<\/strong>nternational de <strong>R<\/strong>echerche sur le <strong>CA<\/strong>tharisme<strong> <\/strong><\/h2>\n\n\n\n<h2 class=\"alignwide has-text-align-center wp-block-heading\"><strong>E<\/strong>t les <strong>D<\/strong>issidences<\/h2>\n\n\n\n<p class=\"has-white-color has-text-color\">.<\/p>\n\n\n\n<h3 class=\"has-text-align-center wp-block-heading\">Cathares, piphles, bougres, ariens, albigeois, patarins, bogomiles, ils ont tous exist\u00e9.<br>Eux-m\u00eames s&rsquo;appelaient Chr\u00e9tiens, Bons-Hommes, Bonnes- Femmes.<\/h3>\n\n\n\n<p class=\"has-white-color has-text-color\">.<\/p>\n\n\n\n<h4 class=\"wp-block-heading\">Le Collectif International de Recherche sur le CAtharisme Et les Dissidences, a pour objectif de promouvoir la recherche et l&rsquo;\u00e9tude pluridisciplinaire, sur les groupes et les ph\u00e9nom\u00e8nes dissidents de toute nature: religieuse, politique, sociale, philosophique, etc&#8230;, sans limites chronologiques ni spatiales de l&rsquo;Occident ou d&rsquo;ailleurs.<\/h4>\n\n\n\n<h4 class=\"has-text-align-center wp-block-heading\"><br>Sur ce site, vous trouverez des travaux sur les sources et des articles de fonds.<\/h4>\n\n\n\n<p class=\"has-white-color has-text-color\">.<\/p>\n\n\n<p><img loading=\"lazy\" decoding=\"async\" class=\"aligncenter wp-image-1541\" src=\"http:\/\/circaed-heresis.com\/wp-content\/uploads\/2020\/07\/Monts\u00e9gur-et-Conf\u00e9rence-2018.jpg\" alt=\"\" width=\"800\" height=\"293\" srcset=\"https:\/\/circaed-heresis.com\/wp-content\/uploads\/2020\/07\/Monts\u00e9gur-et-Conf\u00e9rence-2018.jpg 1203w, https:\/\/circaed-heresis.com\/wp-content\/uploads\/2020\/07\/Monts\u00e9gur-et-Conf\u00e9rence-2018-300x110.jpg 300w, https:\/\/circaed-heresis.com\/wp-content\/uploads\/2020\/07\/Monts\u00e9gur-et-Conf\u00e9rence-2018-1024x375.jpg 1024w, https:\/\/circaed-heresis.com\/wp-content\/uploads\/2020\/07\/Monts\u00e9gur-et-Conf\u00e9rence-2018-768x282.jpg 768w\" sizes=\"auto, (max-width: 800px) 100vw, 800px\" \/><\/p>\n\n\n<p class=\"has-white-color has-text-color\">.<\/p>\n\n\n\n<p style=\"font-size:1px\"><\/p>\n","protected":false},"excerpt":{"rendered":"<p>. Collectif International de Recherche sur le CAtharisme Et les Dissidences . Cathares, piphles, bougres, ariens, albigeois, patarins, bogomiles, ils ont tous exist\u00e9.Eux-m\u00eames s&rsquo;appelaient Chr\u00e9tiens, Bons-Hommes, Bonnes- Femmes. . Le Collectif International de Recherche sur le CAtharisme Et les Dissidences, a pour objectif de promouvoir la recherche et l&rsquo;\u00e9tude pluridisciplinaire, sur les groupes et les&hellip;<\/p>\n","protected":false},"author":1,"featured_media":0,"parent":0,"menu_order":0,"comment_status":"closed","ping_status":"closed","template":"","meta":{"footnotes":""},"class_list":["post-25","page","type-page","status-publish","hentry","description-off"],"aioseo_notices":[],"_links":{"self":[{"href":"https:\/\/circaed-heresis.com\/index.php?rest_route=\/wp\/v2\/pages\/25","targetHints":{"allow":["GET"]}}],"collection":[{"href":"https:\/\/circaed-heresis.com\/index.php?rest_route=\/wp\/v2\/pages"}],"about":[{"href":"https:\/\/circaed-heresis.com\/index.php?rest_route=\/wp\/v2\/types\/page"}],"author":[{"embeddable":true,"href":"https:\/\/circaed-heresis.com\/index.php?rest_route=\/wp\/v2\/users\/1"}],"replies":[{"embeddable":true,"href":"https:\/\/circaed-heresis.com\/index.php?rest_route=%2Fwp%2Fv2%2Fcomments&post=25"}],"version-history":[{"count":48,"href":"https:\/\/circaed-heresis.com\/index.php?rest_route=\/wp\/v2\/pages\/25\/revisions"}],"predecessor-version":[{"id":2103,"href":"https:\/\/circaed-heresis.com\/index.php?rest_route=\/wp\/v2\/pages\/25\/revisions\/2103"}],"wp:attachment":[{"href":"https:\/\/circaed-heresis.com\/index.php?rest_route=%2Fwp%2Fv2%2Fmedia&parent=25"}],"curies":[{"name":"wp","href":"https:\/\/api.w.org\/{rel}","templated":true}]}}