{"id":1346,"date":"2020-02-15T00:45:52","date_gmt":"2020-02-14T23:45:52","guid":{"rendered":"http:\/\/circaed-heresis.com\/?page_id=1346"},"modified":"2020-10-27T10:36:36","modified_gmt":"2020-10-27T09:36:36","slug":"traitements-des-donnees","status":"publish","type":"page","link":"https:\/\/circaed-heresis.com\/?page_id=1346","title":{"rendered":"Traitements des donn\u00e9es"},"content":{"rendered":"\n<p><\/p>\n\n\n\n<h4 class=\"wp-block-heading\">R\u00e8glement G\u00e9n\u00e9ral sur la Protection des Donn\u00e9es (RGPD):<\/h4>\n\n\n\n<p class=\"has-white-color has-text-color\">.<\/p>\n\n\n\n<p><strong>Donn\u00e9es personnelles&nbsp;:<\/strong><\/p>\n\n\n\n<p>Selon la loi du 6 janvier 1978 modifi\u00e9e en 2004, ce site\/blog Internet est dispens\u00e9 de d\u00e9claration \u00e0 la CNIL: aucune donn\u00e9e personnelle des internautes n\u2019est collect\u00e9e ou stock\u00e9e lors de la navigation sur ce site\/blog.<\/p>\n\n\n\n<p class=\"has-white-color has-text-color\">.<\/p>\n\n\n\n<p><strong>Utilisation des cookies :<\/strong>\u00a0(Petits fichiers de donn\u00e9es utiles pour faciliter la personnalisation de votre acc\u00e8s \u00e0 des services en ligne).<\/p>\n\n\n\n<p>L&rsquo;utilisation de ce site\/blog peut vous proposer une acceptation ou non de cookies pour des besoins d&rsquo;affichage ou autre.<\/p>\n\n\n\n<p>Ces cookies sont anonymes et ne sont en aucun cas utilis\u00e9s pour collecter ou stocker des informations personnelles.<\/p>\n\n\n\n<p><\/p>\n\n\n\n<p class=\"has-white-color has-text-color\">.<\/p>\n\n\n\n<p><strong>Coordonn\u00e9es de l&rsquo;h\u00e9bergeur Internet&nbsp;:<\/strong><\/p>\n\n\n\n<p>R\u00e9alis\u00e9 par des&nbsp;particuliers&nbsp;b\u00e9n\u00e9voles, ce site et\/ou blog Internet et ses sous-pages&nbsp;utilisent la technologie d&rsquo;h\u00e9bergement des donn\u00e9es informatiques&nbsp;propos\u00e9e par la soci\u00e9t\u00e9 OVH.<\/p>\n\n\n\n<p>Conform\u00e9ment \u00e0 l\u2019article 6 de la loi n\u00b02004-575 du 21 juin 2004 pour la confiance dans l\u2019\u00e9conomie num\u00e9rique (LCEN) : Les services d&rsquo;h\u00e9bergement des donn\u00e9es informatiques de ce site\/blog sont fournis par la soci\u00e9t\u00e9 OVH: OVH, 2 rue Kellermann &#8211; BP 80157 &#8211; 59053 ROUBAIX Cedex 1, t\u00e9l\u00e9phone hotline +33 972 10 10 07.<\/p>\n","protected":false},"excerpt":{"rendered":"<p>R\u00e8glement G\u00e9n\u00e9ral sur la Protection des Donn\u00e9es (RGPD): . Donn\u00e9es personnelles&nbsp;: Selon la loi du 6 janvier 1978 modifi\u00e9e en 2004, ce site\/blog Internet est dispens\u00e9 de d\u00e9claration \u00e0 la CNIL: aucune donn\u00e9e personnelle des internautes n\u2019est collect\u00e9e ou stock\u00e9e lors de la navigation sur ce site\/blog. . Utilisation des cookies :\u00a0(Petits fichiers de donn\u00e9es&hellip;<\/p>\n","protected":false},"author":1,"featured_media":0,"parent":1324,"menu_order":15,"comment_status":"closed","ping_status":"closed","template":"","meta":{"footnotes":""},"class_list":["post-1346","page","type-page","status-publish","hentry","description-off"],"aioseo_notices":[],"_links":{"self":[{"href":"https:\/\/circaed-heresis.com\/index.php?rest_route=\/wp\/v2\/pages\/1346","targetHints":{"allow":["GET"]}}],"collection":[{"href":"https:\/\/circaed-heresis.com\/index.php?rest_route=\/wp\/v2\/pages"}],"about":[{"href":"https:\/\/circaed-heresis.com\/index.php?rest_route=\/wp\/v2\/types\/page"}],"author":[{"embeddable":true,"href":"https:\/\/circaed-heresis.com\/index.php?rest_route=\/wp\/v2\/users\/1"}],"replies":[{"embeddable":true,"href":"https:\/\/circaed-heresis.com\/index.php?rest_route=%2Fwp%2Fv2%2Fcomments&post=1346"}],"version-history":[{"count":12,"href":"https:\/\/circaed-heresis.com\/index.php?rest_route=\/wp\/v2\/pages\/1346\/revisions"}],"predecessor-version":[{"id":1762,"href":"https:\/\/circaed-heresis.com\/index.php?rest_route=\/wp\/v2\/pages\/1346\/revisions\/1762"}],"up":[{"embeddable":true,"href":"https:\/\/circaed-heresis.com\/index.php?rest_route=\/wp\/v2\/pages\/1324"}],"wp:attachment":[{"href":"https:\/\/circaed-heresis.com\/index.php?rest_route=%2Fwp%2Fv2%2Fmedia&parent=1346"}],"curies":[{"name":"wp","href":"https:\/\/api.w.org\/{rel}","templated":true}]}}